{"id":3601,"date":"2024-06-05T13:12:10","date_gmt":"2024-06-05T16:12:10","guid":{"rendered":"https:\/\/wtr.pop-al.rnp.br\/2024\/?page_id=3601"},"modified":"2024-06-10T11:56:20","modified_gmt":"2024-06-10T14:56:20","slug":"programacao","status":"publish","type":"page","link":"https:\/\/wtr.pop-al.rnp.br\/2024\/programacao\/","title":{"rendered":"Programa\u00e7\u00e3o"},"content":{"rendered":"\t\t<div data-elementor-type=\"wp-page\" data-elementor-id=\"3601\" class=\"elementor elementor-3601\">\n\t\t\t\t\t\t<section class=\"elementor-section elementor-top-section elementor-element elementor-element-442e4fa7 elementor-section-boxed elementor-section-height-default elementor-section-height-default\" data-id=\"442e4fa7\" data-element_type=\"section\" data-e-type=\"section\">\n\t\t\t\t\t\t<div class=\"elementor-container elementor-column-gap-default\">\n\t\t\t\t\t<div class=\"aux-parallax-section elementor-column elementor-col-100 elementor-top-column elementor-element elementor-element-4a0c012b\" data-id=\"4a0c012b\" data-element_type=\"column\" data-e-type=\"column\">\n\t\t\t<div class=\"elementor-widget-wrap elementor-element-populated\">\n\t\t\t\t\t\t<div class=\"elementor-element elementor-element-288e998c elementor-widget elementor-widget-text-editor\" data-id=\"288e998c\" data-element_type=\"widget\" data-e-type=\"widget\" data-widget_type=\"text-editor.default\">\n\t\t\t\t<div class=\"elementor-widget-container\">\n\t\t\t\t\t\t\t\t\t\n<h1 class=\"wp-block-heading\">Agenda<\/h1>\n\n<p><a>15 de Maio<\/a><\/p>\n\n<p><strong>07:30<\/strong> 09:00 &#8211; Credenciamento -Recep\u00e7\u00e3o CIPT<\/p>\n\n<p><strong>09:00<\/strong> 09:30 &#8211; Abertura<br \/><a href=\"https:\/\/app.4.events\/palestrante-link-394-c21350\" target=\"_blank\" rel=\"noreferrer noopener\">Georginei Neri<\/a><br \/>Audit\u00f3rio CIPT<\/p>\n\n<p><strong>09:30<\/strong> 10:00 &#8211; Rede Nacional de Ensino e Pesquisa &#8211; RNP e seus servi\u00e7os<br \/><a href=\"https:\/\/app.4.events\/palestrante-link-410-c21350\" target=\"_blank\" rel=\"noreferrer noopener\">Luiz Coelho<\/a><br \/>Audit\u00f3rio CIPT<\/p>\n\n<p><strong>10:00<\/strong> 10:30 &#8211; ServiceDesk &#8211; IA (Intelig\u00eancia artificial) no Atendimento T\u00e9cnico<br \/><a href=\"https:\/\/app.4.events\/palestrante-link-411-c21350\" target=\"_blank\" rel=\"noreferrer noopener\">Francisco Junior<\/a><br \/>Audit\u00f3rio CIPT<\/p>\n\n<p><strong>10:30<\/strong> 11:00 &#8211; Coffe Break<\/p>\n\n<p><strong>11:00<\/strong> 11:30 &#8211; &#8220;IX.br &#8211; Internet Exchange \/ PTTs&#8221;<br \/><a href=\"https:\/\/app.4.events\/palestrante-link-412-c21350\" target=\"_blank\" rel=\"noreferrer noopener\">Galv\u00e3o Rezende<\/a><br \/>Audit\u00f3rio CIPT<\/p>\n\n<p><strong>11:30<\/strong> 12:30 &#8211; Mesa Redonda &#8211; Evolu\u00e7\u00e3o da Conectividade em Alagoas &#8211; PoP-RAAVE-METROAL<br \/><a href=\"https:\/\/app.4.events\/palestrante-link-415-c21350\" target=\"_blank\" rel=\"noreferrer noopener\">Ari Fraz\u00e3o Jr.<\/a>,\u00a0<a href=\"https:\/\/app.4.events\/palestrante-link-413-c21350\" target=\"_blank\" rel=\"noreferrer noopener\">Pedro Ivo de Souza<\/a>,\u00a0<a href=\"https:\/\/app.4.events\/palestrante-link-395-c21350\" target=\"_blank\" rel=\"noreferrer noopener\">Bruno Barbosa<\/a>,\u00a0<a href=\"https:\/\/app.4.events\/palestrante-link-394-c21350\" target=\"_blank\" rel=\"noreferrer noopener\">Georginei Neri<\/a>,\u00a0<a href=\"https:\/\/app.4.events\/palestrante-link-397-c21350\" target=\"_blank\" rel=\"noreferrer noopener\">Silvio Bulh\u00f5es Azevedo<\/a><\/p>\n\n<p><strong>12:30<\/strong> 14:00 &#8211; Intervalo<\/p>\n\n<p><strong>14:00<\/strong> 14:30 &#8211; Gest\u00e3o de Vulnerabilidades: O que \u00e9, Como Funciona e sua Import\u00e2ncia<br \/><a href=\"https:\/\/app.4.events\/palestrante-link-416-c21350\" target=\"_blank\" rel=\"noreferrer noopener\">Leonardo Dias<\/a>,\u00a0<a href=\"https:\/\/app.4.events\/palestrante-link-414-c21350\" target=\"_blank\" rel=\"noreferrer noopener\">Rildo Souza<\/a><br \/>Audit\u00f3rio CIPT<\/p>\n\n<p><strong>14:30<\/strong> 15:00 &#8211; Vis\u00e3o Geral do Uso da Intelig\u00eancia Artificial na Educa\u00e7\u00e3o<br \/><a href=\"https:\/\/app.4.events\/palestrante-link-408-c21350\" target=\"_blank\" rel=\"noreferrer noopener\">Victor Brunno Dantas<\/a><br \/>Audit\u00f3rio CIPT<\/p>\n\n<p><strong>15:00<\/strong> 15:30 &#8211; Zero Trust Networks &#8211; Reduzindo riscos cibern\u00e9ticos no ambiente educacional<br \/><a href=\"https:\/\/app.4.events\/palestrante-link-492-c21350\" target=\"_blank\" rel=\"noreferrer noopener\">Thiago Camilo &#8211; Fortinet<\/a><br \/>Audit\u00f3rio CIPT<\/p>\n\n<p><strong>15:30<\/strong> 16:00 &#8211; Coffe Break<\/p>\n\n<p><strong>16:00<\/strong> 16:30 &#8211; O que n\u00e3o \u00e9 medido, n\u00e3o \u00e9 gerenciado&#8221;, estudo de caso com zabbix na super connect telecom ltda<br \/><a href=\"https:\/\/app.4.events\/palestrante-link-417-c21350\" target=\"_blank\" rel=\"noreferrer noopener\">Jorge Iwano<\/a><br \/>Audit\u00f3rio CIPT<\/p>\n\n<p><strong>16:30<\/strong> 17:00 &#8211; Cria\u00e7\u00e3o de V\u00eddeos Curtos para a Internet<br \/><a href=\"https:\/\/app.4.events\/palestrante-link-409-c21350\" target=\"_blank\" rel=\"noreferrer noopener\">Gabriel Ten\u00f3rio Dantas &#8211; Poladoful<\/a><br \/>Audit\u00f3rio CIPT<\/p>\n\n<p><strong>16:55<\/strong> 17:00 &#8211; Sorteio de brindes<\/p>\n\n<p><strong>17:00<\/strong> 18:00 &#8211; Mesa Redonda &#8211; Mulheres na TI<br \/><a href=\"https:\/\/app.4.events\/palestrante-link-420-c21350\" target=\"_blank\" rel=\"noreferrer noopener\">Eliana Almeida<\/a>,\u00a0<a href=\"https:\/\/app.4.events\/palestrante-link-421-c21350\" target=\"_blank\" rel=\"noreferrer noopener\">Fabiane Queiroz<\/a>,\u00a0<a href=\"https:\/\/app.4.events\/palestrante-link-396-c21350\" target=\"_blank\" rel=\"noreferrer noopener\">Francisca Rosaline Leite Mota<\/a>,\u00a0<a href=\"https:\/\/app.4.events\/palestrante-link-422-c21350\" target=\"_blank\" rel=\"noreferrer noopener\">Juliana Khalili<\/a>,\u00a0<a href=\"https:\/\/app.4.events\/palestrante-link-419-c21350\" target=\"_blank\" rel=\"noreferrer noopener\">Profa. Maria Luciene Dias de Melo<\/a>,\u00a0<a href=\"https:\/\/app.4.events\/palestrante-link-418-c21350\" target=\"_blank\" rel=\"noreferrer noopener\">Sonia de Souza Silva de Melo<\/a><br \/>Audit\u00f3rio CIPT<\/p>\n\n<p><strong>18:00<\/strong> 19:00 &#8211; Mesa de honra<br \/><a href=\"https:\/\/app.4.events\/palestrante-link-396-c21350\" target=\"_blank\" rel=\"noreferrer noopener\">Francisca Rosaline Leite Mota<\/a>,\u00a0<a href=\"https:\/\/app.4.events\/palestrante-link-398-c21350\" target=\"_blank\" rel=\"noreferrer noopener\">Prof. Dr. F\u00e1bio Guedes<\/a>,\u00a0<a href=\"https:\/\/app.4.events\/palestrante-link-397-c21350\" target=\"_blank\" rel=\"noreferrer noopener\">Silvio Bulh\u00f5es Azevedo<\/a><br \/>Audit\u00f3rio CIPT<\/p>\n\n<p><strong>18:50<\/strong> 19:15 &#8211; Sorteio de brindes<\/p>\n\n<p><strong>19:00<\/strong> 23:00 &#8211; Happy Hour<\/p>\n\t\t\t\t\t\t\t\t<\/div>\n\t\t\t\t<\/div>\n\t\t\t\t\t<\/div>\n\t\t<\/div>\n\t\t\t\t\t<\/div>\n\t\t<\/section>\n\t\t\t\t<\/div>\n\t\t","protected":false},"excerpt":{"rendered":"<p>Agenda 15 de Maio 07:30 09:00 &#8211; Credenciamento -Recep\u00e7\u00e3o CIPT 09:00 09:30 &#8211; AberturaGeorginei NeriAudit\u00f3rio CIPT 09:30 10:00 &#8211; Rede Nacional de Ensino e Pesquisa &#8211; RNP e seus servi\u00e7osLuiz CoelhoAudit\u00f3rio CIPT 10:00 10:30 &#8211; ServiceDesk &#8211; IA (Intelig\u00eancia artificial) no Atendimento T\u00e9cnicoFrancisco JuniorAudit\u00f3rio CIPT 10:30 11:00 &#8211; Coffe Break 11:00 11:30 &#8211; &#8220;IX.br &#8211; [&hellip;]<\/p>\n","protected":false},"author":2,"featured_media":0,"parent":0,"menu_order":0,"comment_status":"closed","ping_status":"closed","template":"","meta":{"footnotes":""},"class_list":["post-3601","page","type-page","status-publish","hentry"],"_links":{"self":[{"href":"https:\/\/wtr.pop-al.rnp.br\/2024\/wp-json\/wp\/v2\/pages\/3601","targetHints":{"allow":["GET"]}}],"collection":[{"href":"https:\/\/wtr.pop-al.rnp.br\/2024\/wp-json\/wp\/v2\/pages"}],"about":[{"href":"https:\/\/wtr.pop-al.rnp.br\/2024\/wp-json\/wp\/v2\/types\/page"}],"author":[{"embeddable":true,"href":"https:\/\/wtr.pop-al.rnp.br\/2024\/wp-json\/wp\/v2\/users\/2"}],"replies":[{"embeddable":true,"href":"https:\/\/wtr.pop-al.rnp.br\/2024\/wp-json\/wp\/v2\/comments?post=3601"}],"version-history":[{"count":11,"href":"https:\/\/wtr.pop-al.rnp.br\/2024\/wp-json\/wp\/v2\/pages\/3601\/revisions"}],"predecessor-version":[{"id":3657,"href":"https:\/\/wtr.pop-al.rnp.br\/2024\/wp-json\/wp\/v2\/pages\/3601\/revisions\/3657"}],"wp:attachment":[{"href":"https:\/\/wtr.pop-al.rnp.br\/2024\/wp-json\/wp\/v2\/media?parent=3601"}],"curies":[{"name":"wp","href":"https:\/\/api.w.org\/{rel}","templated":true}]}}